{"id":8144,"date":"2020-05-25T12:41:49","date_gmt":"2020-05-25T10:41:49","guid":{"rendered":"https:\/\/map-mh.cz\/map4\/?page_id=8144"},"modified":"2026-04-11T21:23:04","modified_gmt":"2026-04-11T19:23:04","slug":"ke-stazeni","status":"publish","type":"page","link":"https:\/\/map-mh.cz\/map4\/ke-stazeni\/","title":{"rendered":"Ke sta\u017een\u00ed"},"content":{"rendered":"<p>Bro\u017eura <strong>Kdo mi porad\u00ed?<\/strong><\/p>\n<p>Ka\u017ed\u00fd z&nbsp;n\u00e1s ob\u010das pot\u0159ebuje poradit. Ale kde hledat radu? Na setk\u00e1v\u00e1n\u00ed\u00a0PS pro rovn\u00e9 p\u0159\u00edle\u017eitosti a&nbsp;sch\u016fzky \u0161koln\u00edch poradensk\u00fdch pracovi\u0161\u0165 jsme si spole\u010dn\u011b pro\u0161li ji\u017e existuj\u00edc\u00ed bro\u017eurku s&nbsp;kontakty, kter\u00e1 vznikla v&nbsp;MAP II Mnichovohradi\u0161\u0165sko. P\u0159em\u00fd\u0161leli jsme spole\u010dn\u011b nad t\u00edm, jak ji pozm\u011bnit, upravit, zaktualizovat. V\u00fdsledek spole\u010dn\u00e9 pr\u00e1ce je nyn\u00ed ke sta\u017een\u00ed zde na str\u00e1nce. Obsahuje kontakty na logopedy, psychology, psychiatry apod., info k&nbsp;ob\u011bd\u016fm \u010di&nbsp;krou\u017ek\u016fm zdarma, na organizace v\u011bnuj\u00edc\u00ed se pr\u00e1ci s&nbsp;rodinami a&nbsp;d\u011btmi \u010di&nbsp;informace k&nbsp;tomu, co d\u011bl\u00e1 osobn\u00ed a&nbsp;co pedagogick\u00fd asistent. Douf\u00e1me, \u017ee v&nbsp;n\u00ed najdete pr\u00e1v\u011b ten vhodn\u00fd kontakt, kter\u00fd hled\u00e1te!<\/p>\n<p>Bro\u017eura <strong>Kdo mi porad\u00ed?<\/strong> ke sta\u017een\u00ed <a href=\"https:\/\/map-mh.cz\/map4\/wp-content\/uploads\/2025\/11\/rp_letak_web_2025_verze_25_08_2025.pdf\">ZDE.<\/a><\/p>\n<p><strong>Obsah<\/strong><br \/>\n<strong>1) Kontakty na pom\u00e1haj\u00edc\u00ed organizace\u00a0<\/strong><br \/>\na) Logopedie s. 2<br \/>\nb) Pedagogicko-psychologick\u00e1 poradna, speci\u00e1ln\u00ed pedagogick\u00e9 centrum<br \/>\nc) Ran\u00e1 p\u00e9\u010de, M\u0160 a&nbsp;Z\u0160 speci\u00e1ln\u00ed<br \/>\nd) St\u0159ediska v\u00fdchovn\u00e9 p\u00e9\u010de<br \/>\ne) Psychologick\u00e1 pomoc<br \/>\nf) Psychiatrie ambulantn\u00ed a&nbsp;l\u016f\u017ekov\u00e1 odd\u011blen\u00ed<br \/>\ng) Ochrana soci\u00e1ln\u00edch a&nbsp;pr\u00e1vn\u00edch z\u00e1jm\u016f nezletil\u00fdch d\u011bt\u00ed a&nbsp;rodin, spolupracuj\u00edc\u00ed organizace<br \/>\n<strong>2) Informace k&nbsp;t\u00e9matu asistent pedagoga (AP) a&nbsp;osobn\u00ed asistent (OA)\u00a0<\/strong><br \/>\na) Asistent pedagoga<br \/>\nb) Osobn\u00ed asistent<br \/>\n<strong>3) D\u00e1vky poskytovan\u00e9 \u00fa\u0159adem pr\u00e1ce<\/strong><br \/>\n<strong>4) Ob\u011bdy pro d\u011bti \u2013 zdarma\u00a0<\/strong><br \/>\na) Ob\u011bdy pro d\u011bti Women for Women<br \/>\nb) St\u0159edo\u010desk\u00fd kraj<br \/>\n<strong>5) Nab\u00eddka volno\u010dasov\u00fdch aktivit zdarma\u00a0<\/strong><\/p>\n<hr \/>\n<p><strong><a href=\"https:\/\/map-mh.cz\/map4\/wp-content\/uploads\/2026\/02\/regionalni_ucebnice_final_resp.pdf\">REGION\u00c1LN\u00cd U\u010cEBNICE MAP MNICHOVOHRADI\u0160TSKO<\/a><\/strong><\/p>\n<hr \/>\n<h3><a href=\"https:\/\/map-mh.cz\/map4\/wp-content\/uploads\/2026\/02\/regionalni_omalovanky.pdf\"><strong>Regionaln\u00ed omalov\u00e1nky<\/strong><\/a><\/h3>\n<hr \/>\n<p><strong><a href=\"https:\/\/map-mh.cz\/map4\/wp-content\/uploads\/2026\/02\/seznam_materialy_pro_rozvoj_kk_fin.pdf\">Seznam materi\u00e1l\u016f pro rozvoj kl\u00ed\u010dov\u00fdch kompetenc\u00ed<\/a><\/strong><\/p>\n<hr \/>\n<p><a href=\"https:\/\/map-mh.cz\/map4\/wp-content\/uploads\/2026\/02\/map_4_mnichovohradiste_komplet.pdf\"><strong>MAP_IV_Mnichovohradi\u0161\u0165sko &#8211; KOMPLET<\/strong><\/a><\/p>\n<hr \/>\n<p><a href=\"https:\/\/map-mh.cz\/map4\/wp-content\/uploads\/2026\/02\/napadnik-evvo-map-mh.pdf\"><strong>N\u00e1padn\u00edk EVVO\u00a0<\/strong><\/a><\/p>\n<hr \/>\n<h3><a href=\"https:\/\/map-mh.cz\/map4\/wp-content\/uploads\/2023\/04\/paqreport-orp-mnichovo-hradiste.pdf\">V\u00fdzvy, mo\u017enosti zlep\u0161en\u00ed a&nbsp;doporu\u010den\u00ed pro vzd\u011bl\u00e1v\u00e1n\u00ed a&nbsp;soci\u00e1ln\u00ed situaci v&nbsp;regionu \u2013 PAQreport ORP Mnichovo Hradi\u0161t\u011b <\/a><\/h3>\n<hr \/>\n<h3><a href=\"https:\/\/map-mh.cz\/map4\/wp-content\/uploads\/2022\/02\/seznam-mistnich-odborniku.pdf\">Seznam m\u00edstn\u00edch odborn\u00edk\u016f<\/a>\u00a0\u2013 mo\u017enost n\u00e1v\u0161t\u011bvy ve \u0161kole, exkurze, besedy\u2026<\/h3>\n<hr \/>\n<p><strong><a href=\"https:\/\/map-mh.cz\/map4\/wp-content\/uploads\/2026\/02\/12_seznam-materialu-1-stupen.pdf\">Seznam materi\u00e1l\u016f pro pr\u00e1ci s&nbsp;t\u0159\u00eddn\u00edm kolektivem na 1.&nbsp;stupni Z\u0160<\/a><\/strong><\/p>\n<hr \/>\n<p><a href=\"https:\/\/map-mh.cz\/map4\/wp-content\/uploads\/2026\/02\/13_seznam-materialu-tridni-kolektiv-2-stupen.pdf\"><strong>Seznam materi\u00e1l\u016f pro pr\u00e1ci s&nbsp;t\u0159\u00eddn\u00edm kolektivem na 2.&nbsp;stupeni Z\u0160<\/strong><\/a><\/p>\n<hr \/>\n<h5><a href=\"https:\/\/map-mh.cz\/map4\/wp-content\/uploads\/2023\/08\/prehled-dostupnych-ucebnich-pomucek-programu-informacnich-materialu-a-uzitecnych-odkazu-pro-vyuziti-ve-vychove-a-vzdelavani-o-zmene-klimatu-a-suchu-jako-jejim-klicovem-projevu-v-cr-xlsx-28-kb.xlsx\">P\u0159ehled dostupn\u00fdch u\u010debn\u00edch pom\u016fcek, program\u016f, informa\u010dn\u00edch materi\u00e1l\u016f a&nbsp;u\u017eite\u010dn\u00fdch odkaz\u016f pro vyu\u017eit\u00ed ve v\u00fdchov\u011b a&nbsp;vzd\u011bl\u00e1v\u00e1n\u00ed o&nbsp;zm\u011bn\u011b klimatu a&nbsp;suchu, jako jej\u00edm kl\u00ed\u010dov\u00e9m projevu v&nbsp;\u010cR. (XLSX, 28 kB)<\/a><\/h5>\n<hr \/>\n<h3><a href=\"https:\/\/map-mh.cz\/map4\/wp-content\/uploads\/2023\/04\/jaro-a-poezie_07_07_2022.pdf\">Jaro a&nbsp;poezie<\/a><\/h3>\n<hr \/>\n<h3 class=\"art-postheader entry-title\"><a href=\"https:\/\/map-mh.cz\/map4\/on-line-sbornik\/\">On-line sborn\u00edk pracovn\u00edch list\u016f<\/a><\/h3>\n<hr \/>\n<h3><a href=\"https:\/\/map-mh.cz\/map4\/wp-content\/uploads\/2023\/01\/geologicky-mapovacek.pdf\">Geologick\u00fd mapov\u00e1\u010dek<\/a><\/h3>\n<hr \/>\n<h3><a href=\"https:\/\/map-mh.cz\/map4\/wp-content\/uploads\/2021\/04\/terenni-cviceni-v-pr-prihrazske-skaly.pdf\">Ter\u00e9nn\u00ed cvi\u010den\u00ed v&nbsp;PR&nbsp;P\u0159\u00edhrazsk\u00e9 sk\u00e1ly<\/a><\/h3>\n<hr \/>\n<h3><a href=\"https:\/\/map-mh.cz\/map4\/2020\/06\/geostezka-pred-zs-studentska\/\">Geostezka p\u0159ed Z\u0160 Studentsk\u00e1 v&nbsp;Mnichov\u011b Hradi\u0161ti\u00a0\u2013 pracovn\u00ed listy\u00a0\u2013 druhy hornin<\/a><\/h3>\n<hr \/>\n<h3><a href=\"https:\/\/map-mh.cz\/map4\/wp-content\/uploads\/2022\/08\/slunecni-hledacka-v-knezmoste.pdf\">Slune\u010dn\u00ed hleda\u010dka v&nbsp;Kn\u011b\u017emost\u011b<\/a><\/h3>\n<hr \/>\n<h3><a href=\"https:\/\/map-mh.cz\/map4\/wp-content\/uploads\/2023\/01\/predskolakuv-mapovacek.pdf\">P\u0159ed\u0161kol\u00e1k\u016fv mapov\u00e1\u010dek<\/a><\/h3>\n<hr \/>\n<h3><a href=\"https:\/\/map-mh.cz\/map4\/2021\/05\/jak-na-debatovani-nejen-v-zakovskych-samospravach\/?fbclid=IwAR2LpmVWpL-1s_oJXqYqh7KC3IPfIUkTRyucs6PylrbkMuUInM86R6zXnys\">Jak na debatov\u00e1n\u00ed (nejen) v&nbsp;\u017e\u00e1kovsk\u00fdch samospr\u00e1v\u00e1ch<\/a><\/h3>\n<hr \/>\n<h3><a href=\"https:\/\/www.youtube.com\/watch?v=BXF1AwU5yzc&amp;t=2287s\">Mistr Jan Hus \u2013 v\u00fdukov\u00e9 video spisovatelky Kl\u00e1ry Smol\u00edkov\u00e9<\/a><\/h3>\n<p><iframe loading=\"lazy\" title=\"Mistr Jan Hus \u2013 v\u00fdukov\u00e9 video spisovatelky Kl\u00e1ry Smol\u00edkov\u00e9\" width=\"500\" height=\"281\" src=\"https:\/\/www.youtube.com\/embed\/BXF1AwU5yzc?start=2287&#038;feature=oembed\" frameborder=\"0\" allow=\"accelerometer; autoplay; clipboard-write; encrypted-media; gyroscope; picture-in-picture; web-share\" referrerpolicy=\"strict-origin-when-cross-origin\" allowfullscreen><\/iframe><\/p>\n<p><strong><a href=\"https:\/\/map-mh.cz\/map4\/videa\/hus.zip\" target=\"_blank\" rel=\"noopener\">Video ke sta\u017een\u00ed zde<\/a>\u00a0<\/strong><em>(velikost: 5,04 GB; form\u00e1t: MP4 &#8211; komprimov\u00e1no Zip)<\/em><\/p>\n<p>Zhl\u00e9dn\u011bte (p\u0159\u00edpadn\u011b si st\u00e1hn\u011bte) video spisovatelky Kl\u00e1ry Smol\u00edkov\u00e9, d\u00edky kter\u00e9mu se m\u016f\u017eete vydat po&nbsp;stop\u00e1ch Jana Husa. Kdo to byl a&nbsp;v\u00a0jak\u00e9 dob\u011b \u017eil? Jak\u00fd byl student a&nbsp;jak\u00fd u\u010ditel? Co znamenal pro sv\u00e9 vrstevn\u00edky a&nbsp;pro\u010d ho lid\u00e9 n\u00e1sledovali? Kl\u00e1ra Smol\u00edkov\u00e1 pro n\u00e1s toto video nato\u010dila, aby n\u00e1m vynahradila workshop zru\u0161en\u00fd kv\u016fli koronaviru. V\u011b\u0159\u00edme, \u017ee v\u00e1s program <strong>Hus\u016fv d\u016fm: Od husy k\u00a0Husovi, od Husa k&nbsp;husit\u016fm<\/strong>\u00a0oslov\u00ed a&nbsp;obohat\u00ed va\u0161i v\u00fduku. Je ur\u010den\u00fd pro \u017e\u00e1ky z\u00e1kladn\u00ed \u0161koly od 3.&nbsp;t\u0159\u00eddy v\u00fd\u0161e.<\/p>\n<p>Pracovn\u00ed listy ke sta\u017een\u00ed:<\/p>\n<p><a href=\"https:\/\/map-mh.cz\/map4\/wp-content\/uploads\/2020\/06\/01_husite_zbrane.pdf\">01_Husite_zbran\u011b<\/a><\/p>\n<p><a href=\"https:\/\/map-mh.cz\/map4\/wp-content\/uploads\/2020\/06\/02_husuv-dum_jak-se-hus-tvaril.pdf\">02_Hus\u016fv d\u016fm_Jak se Hus tv\u00e1\u0159il<\/a><\/p>\n<p><a href=\"https:\/\/map-mh.cz\/map4\/wp-content\/uploads\/2020\/06\/03_husuv-dum_mista.pdf\">03_Hus\u016fv d\u016fm_m\u00edsta<\/a><\/p>\n<p><a href=\"https:\/\/map-mh.cz\/map4\/wp-content\/uploads\/2020\/06\/04_husuv-dum_co-nosili-na-hlave.pdf\">04_Hus\u016fv d\u016fm_Co nosili na hlav\u011b<\/a><\/p>\n<p><a href=\"https:\/\/map-mh.cz\/map4\/wp-content\/uploads\/2020\/06\/05_husuv-dum_rozdily.pdf\">05_Hus\u016fv d\u016fm_rozd\u00edly<\/a><\/p>\n<hr \/>\n<h2><a href=\"https:\/\/map-mh.cz\/map4\/wp-content\/uploads\/2022\/10\/seznam-knih-pro-1-stupen_2022-2023.pdf\">Seznam knih pro 1.&nbsp;stupe\u0148_2022-2023<\/a><\/h2>\n<h2><a href=\"https:\/\/map-mh.cz\/map4\/wp-content\/uploads\/2022\/10\/seznam-knih-pro-2-stupen_2022-2023.pdf\">Seznam knih pro 2.&nbsp;stupe\u0148_2022-2023<\/a><\/h2>\n<hr \/>\n<p><a href=\"https:\/\/map-mh.cz\/map4\/wp-content\/uploads\/2022\/05\/seznam-knih-pro-1-stupen_2021.pdf\">Seznam knih pro 1.&nbsp;stupe\u0148_2021<\/a><\/p>\n<p><a href=\"https:\/\/map-mh.cz\/map4\/wp-content\/uploads\/2022\/05\/seznam-knih-pro-2-stupen_2021.pdf\">Seznam knih pro 2.&nbsp;stupe\u0148_2021<\/a><\/p>\n<p><a href=\"https:\/\/map-mh.cz\/map4\/wp-content\/uploads\/2022\/09\/programy-pro-skoly_mestska-knihovna-mh_2022-2023.pdf\">Programy pro \u0161koly_M\u011bstsk\u00e1 knihovna MH_2022-2023<\/a><\/p>\n<hr \/>\n<p><a href=\"https:\/\/map-mh.cz\/map4\/wp-content\/uploads\/2020\/09\/seznam-knih-pro-1-stupen_2020.pdf\">Seznam knih pro 1.&nbsp;stupe\u0148_2020<\/a><\/p>\n<p><a href=\"https:\/\/map-mh.cz\/map4\/wp-content\/uploads\/2020\/09\/seznam-knih-pro-2-stupen_2020.pdf\">Seznam knih pro 2.&nbsp;stupe\u0148_2020<\/a><\/p>\n<hr \/>\n<p><a href=\"https:\/\/map-mh.cz\/map4\/wp-content\/uploads\/2019\/10\/knihovnou-doporucovany-seznam-cetby-pro-1-stupen-zs.pdf\">Knihovnou doporu\u010dovan\u00fd seznam \u010detby pro 1.\u00a0stupe\u0148 Z\u0160 2019<\/a><\/p>\n<p><a href=\"https:\/\/map-mh.cz\/map4\/wp-content\/uploads\/2019\/10\/knihovnou-doporucovany-seznam-cetby-pro-2-stupen-zs.pdf\">Knihovnou doporu\u010dovan\u00fd seznam \u010detby pro 2.\u00a0stupe\u0148 Z\u0160 2019<\/a><\/p>\n<p><a href=\"https:\/\/map-mh.cz\/map4\/wp-content\/uploads\/2019\/11\/knizky-pro-skolky.pdf\">Kn\u00ed\u017eky pro \u0161kolky 2019<\/a><\/p>\n<hr \/>\n<p><a href=\"https:\/\/map-mh.cz\/map4\/wp-content\/uploads\/2021\/06\/seznam-knih-v-mapi-knihovnicce-v-mestske-knihovne-mh-k-26-6-2021.pdf\">Seznam knih v&nbsp;MAP\u00ed knihovni\u010dce v&nbsp;M\u011bstsk\u00e9 knihovn\u011b MH k&nbsp;26.&nbsp;6.&nbsp;2021<\/a><\/p>\n","protected":false},"excerpt":{"rendered":"<p>Bro\u017eura Kdo mi porad\u00ed? Ka\u017ed\u00fd z&nbsp;n\u00e1s ob\u010das pot\u0159ebuje poradit. Ale kde hledat radu? Na setk\u00e1v\u00e1n\u00ed\u00a0PS pro rovn\u00e9 p\u0159\u00edle\u017eitosti a&nbsp;sch\u016fzky \u0161koln\u00edch poradensk\u00fdch pracovi\u0161\u0165 jsme si spole\u010dn\u011b pro\u0161li ji\u017e existuj\u00edc\u00ed bro\u017eurku s&nbsp;kontakty, kter\u00e1 vznikla v&nbsp;MAP II Mnichovohradi\u0161\u0165sko. P\u0159em\u00fd\u0161leli jsme spole\u010dn\u011b nad t\u00edm, jak ji pozm\u011bnit, upravit, zaktualizovat. V\u00fdsledek spole\u010dn\u00e9 pr\u00e1ce je nyn\u00ed ke sta\u017een\u00ed zde na str\u00e1nce. [&hellip;]<\/p>\n","protected":false},"author":1,"featured_media":0,"parent":0,"menu_order":0,"comment_status":"closed","ping_status":"closed","template":"","meta":[],"_links":{"self":[{"href":"https:\/\/map-mh.cz\/map4\/wp-json\/wp\/v2\/pages\/8144"}],"collection":[{"href":"https:\/\/map-mh.cz\/map4\/wp-json\/wp\/v2\/pages"}],"about":[{"href":"https:\/\/map-mh.cz\/map4\/wp-json\/wp\/v2\/types\/page"}],"author":[{"embeddable":true,"href":"https:\/\/map-mh.cz\/map4\/wp-json\/wp\/v2\/users\/1"}],"replies":[{"embeddable":true,"href":"https:\/\/map-mh.cz\/map4\/wp-json\/wp\/v2\/comments?post=8144"}],"version-history":[{"count":73,"href":"https:\/\/map-mh.cz\/map4\/wp-json\/wp\/v2\/pages\/8144\/revisions"}],"predecessor-version":[{"id":16718,"href":"https:\/\/map-mh.cz\/map4\/wp-json\/wp\/v2\/pages\/8144\/revisions\/16718"}],"wp:attachment":[{"href":"https:\/\/map-mh.cz\/map4\/wp-json\/wp\/v2\/media?parent=8144"}],"curies":[{"name":"wp","href":"https:\/\/api.w.org\/{rel}","templated":true}]}}