{"id":6984,"date":"2020-02-05T08:02:48","date_gmt":"2020-02-05T07:02:48","guid":{"rendered":"https:\/\/map-mh.cz\/map4\/?page_id=6984"},"modified":"2024-07-17T12:59:13","modified_gmt":"2024-07-17T10:59:13","slug":"hry","status":"publish","type":"page","link":"https:\/\/map-mh.cz\/map4\/hry\/","title":{"rendered":"Hry"},"content":{"rendered":"<p>Po vzoru <a href=\"https:\/\/map-mh.cz\/map4\/knihovna\/\">MAP\u00ed knihovni\u010dky<\/a> (k&nbsp;dispozici je v&nbsp;M\u011bstsk\u00e9 knihovn\u011b MH) roz\u0161i\u0159ujeme na\u0161i nab\u00eddku o&nbsp;mo\u017enost zap\u016fj\u010dit si od n\u00e1s i&nbsp;nejr\u016fzn\u011bj\u0161\u00ed spole\u010densk\u00e9 hry, kter\u00e9 v&nbsp;sob\u011b v\u0161ak ukr\u00fdvaj\u00ed t\u00e9\u017e vzd\u011bl\u00e1vac\u00ed \u010di&nbsp;komunika\u010dn\u00ed hledisko, vedou k&nbsp;rozvoji gramotnost\u00ed apod. N\u00e1pady ke koupi konkr\u00e9tn\u00edch her p\u0159ich\u00e1zej\u00ed z&nbsp;podn\u011bt\u016f \u010dlen\u016f na\u0161ich pracovn\u00edch skupin, je\u017e se v&nbsp;r\u00e1mci projektu MAP II Mnichovohradi\u0161\u0165sko pravideln\u011b setk\u00e1vaj\u00ed: \u010dleny t\u011bchto pracovn\u00edch skupin jsou u\u010ditel\u00e9, neform\u00e1ln\u00ed vzd\u011blavatel\u00e9, rodi\u010de a&nbsp;dal\u0161\u00ed z\u00e1jemci o&nbsp;vzd\u011bl\u00e1v\u00e1n\u00ed z&nbsp;na\u0161eho regionu; hry jsou tedy nakupov\u00e1ny na z\u00e1klad\u011b jejich osobn\u00edho doporu\u010den\u00ed.<\/p>\n<p>Nab\u00eddka her bude postupn\u011b roz\u0161i\u0159ov\u00e1na, sledujte tedy pr\u016fb\u011b\u017en\u011b tento web (hry jsou \u0159azeny abecedn\u011b podle n\u00e1zvu hry).<\/p>\n<p><strong>Kdo<\/strong> si m\u016f\u017ee hry zap\u016fj\u010dit? V&nbsp;podstat\u011b kdokoliv &#8211; obra\u0165te se na n\u00e1s, a\u0165 u\u017e jste u\u010ditel a&nbsp;hra by se V\u00e1m mohla hodit do v\u00fduky, nebo jste neform\u00e1ln\u00ed vzd\u011blavatel a&nbsp;konkr\u00e9tn\u00ed hra tematicky zapad\u00e1 do Va\u0161\u00ed p\u016fsobnosti, nebo jste rodi\u010d\/prarodi\u010d a&nbsp;pot\u0159ebujete se se sv\u00fdmi d\u011btmi doma zabavit.<\/p>\n<p><strong>Jak<\/strong> si m\u016f\u017eete hry zap\u016fj\u010dit? Ozv\u011bte se Michale Mydl\u00e1\u0159ov\u00e9 p\u00edsemn\u011b na email <strong>michala.mydlarova@mnhradiste.cz<\/strong>, p\u0159\u00edpadn\u011b telefonicky na \u010d\u00edslo<strong> 790&nbsp;366&nbsp;530<\/strong>. Spole\u010dn\u011b se domluv\u00edte na p\u0159ed\u00e1n\u00ed hry.<\/p>\n<h2><span style=\"color: #33cccc;\"><strong>HRY:<\/strong><\/span><\/h2>\n<p><img decoding=\"async\" loading=\"lazy\" class=\"alignnone size-full wp-image-7660\" src=\"https:\/\/map-mh.cz\/map4\/wp-content\/uploads\/2020\/04\/logic-deti-mozkovna.png\" alt=\"\" width=\"940\" height=\"788\" srcset=\"https:\/\/map-mh.cz\/map4\/wp-content\/uploads\/2020\/04\/logic-deti-mozkovna.png 940w, https:\/\/map-mh.cz\/map4\/wp-content\/uploads\/2020\/04\/logic-deti-mozkovna-358x300.png 358w, https:\/\/map-mh.cz\/map4\/wp-content\/uploads\/2020\/04\/logic-deti-mozkovna-768x644.png 768w\" sizes=\"(max-width: 940px) 100vw, 940px\" \/><\/p>\n<p><img decoding=\"async\" loading=\"lazy\" class=\"alignnone size-full wp-image-7661\" src=\"https:\/\/map-mh.cz\/map4\/wp-content\/uploads\/2020\/04\/logicke-hadanky.png\" alt=\"\" width=\"940\" height=\"788\" srcset=\"https:\/\/map-mh.cz\/map4\/wp-content\/uploads\/2020\/04\/logicke-hadanky.png 940w, https:\/\/map-mh.cz\/map4\/wp-content\/uploads\/2020\/04\/logicke-hadanky-358x300.png 358w, https:\/\/map-mh.cz\/map4\/wp-content\/uploads\/2020\/04\/logicke-hadanky-768x644.png 768w\" sizes=\"(max-width: 940px) 100vw, 940px\" \/><\/p>\n<p><img decoding=\"async\" loading=\"lazy\" class=\"alignnone size-full wp-image-7619\" src=\"https:\/\/map-mh.cz\/map4\/wp-content\/uploads\/2020\/03\/opustene-pole1.png\" alt=\"\" width=\"940\" height=\"788\" srcset=\"https:\/\/map-mh.cz\/map4\/wp-content\/uploads\/2020\/03\/opustene-pole1.png 940w, https:\/\/map-mh.cz\/map4\/wp-content\/uploads\/2020\/03\/opustene-pole1-358x300.png 358w, https:\/\/map-mh.cz\/map4\/wp-content\/uploads\/2020\/03\/opustene-pole1-768x644.png 768w\" sizes=\"(max-width: 940px) 100vw, 940px\" \/><img decoding=\"async\" loading=\"lazy\" class=\"alignnone size-full wp-image-7659\" src=\"https:\/\/map-mh.cz\/map4\/wp-content\/uploads\/2020\/04\/prirodni-zahrada.png\" alt=\"\" width=\"940\" height=\"788\" srcset=\"https:\/\/map-mh.cz\/map4\/wp-content\/uploads\/2020\/04\/prirodni-zahrada.png 940w, https:\/\/map-mh.cz\/map4\/wp-content\/uploads\/2020\/04\/prirodni-zahrada-358x300.png 358w, https:\/\/map-mh.cz\/map4\/wp-content\/uploads\/2020\/04\/prirodni-zahrada-768x644.png 768w\" sizes=\"(max-width: 940px) 100vw, 940px\" \/><\/p>\n<p><img decoding=\"async\" loading=\"lazy\" class=\"alignnone size-full wp-image-7514\" src=\"https:\/\/map-mh.cz\/map4\/wp-content\/uploads\/2020\/03\/samaja-1.png\" alt=\"\" width=\"940\" height=\"788\" srcset=\"https:\/\/map-mh.cz\/map4\/wp-content\/uploads\/2020\/03\/samaja-1.png 940w, https:\/\/map-mh.cz\/map4\/wp-content\/uploads\/2020\/03\/samaja-1-358x300.png 358w, https:\/\/map-mh.cz\/map4\/wp-content\/uploads\/2020\/03\/samaja-1-768x644.png 768w\" sizes=\"(max-width: 940px) 100vw, 940px\" \/><\/p>\n<p><img decoding=\"async\" loading=\"lazy\" class=\"alignnone size-full wp-image-7515\" src=\"https:\/\/map-mh.cz\/map4\/wp-content\/uploads\/2020\/03\/strazci-prirody.png\" alt=\"\" width=\"940\" height=\"788\" srcset=\"https:\/\/map-mh.cz\/map4\/wp-content\/uploads\/2020\/03\/strazci-prirody.png 940w, https:\/\/map-mh.cz\/map4\/wp-content\/uploads\/2020\/03\/strazci-prirody-358x300.png 358w, https:\/\/map-mh.cz\/map4\/wp-content\/uploads\/2020\/03\/strazci-prirody-768x644.png 768w\" sizes=\"(max-width: 940px) 100vw, 940px\" \/><\/p>\n<p><img decoding=\"async\" loading=\"lazy\" class=\"alignnone size-full wp-image-7642\" src=\"https:\/\/map-mh.cz\/map4\/wp-content\/uploads\/2020\/04\/suprmatematik.jpg\" alt=\"\" width=\"940\" height=\"788\" srcset=\"https:\/\/map-mh.cz\/map4\/wp-content\/uploads\/2020\/04\/suprmatematik.jpg 940w, https:\/\/map-mh.cz\/map4\/wp-content\/uploads\/2020\/04\/suprmatematik-358x300.jpg 358w, https:\/\/map-mh.cz\/map4\/wp-content\/uploads\/2020\/04\/suprmatematik-768x644.jpg 768w\" sizes=\"(max-width: 940px) 100vw, 940px\" \/><\/p>\n<p><img decoding=\"async\" loading=\"lazy\" class=\"alignnone size-full wp-image-7516\" src=\"https:\/\/map-mh.cz\/map4\/wp-content\/uploads\/2020\/03\/tantrix.png\" alt=\"\" width=\"940\" height=\"788\" srcset=\"https:\/\/map-mh.cz\/map4\/wp-content\/uploads\/2020\/03\/tantrix.png 940w, https:\/\/map-mh.cz\/map4\/wp-content\/uploads\/2020\/03\/tantrix-358x300.png 358w, https:\/\/map-mh.cz\/map4\/wp-content\/uploads\/2020\/03\/tantrix-768x644.png 768w\" sizes=\"(max-width: 940px) 100vw, 940px\" \/><\/p>\n<p><img decoding=\"async\" loading=\"lazy\" class=\"alignnone size-full wp-image-7517\" src=\"https:\/\/map-mh.cz\/map4\/wp-content\/uploads\/2020\/03\/ypsilonie.png\" alt=\"\" width=\"940\" height=\"788\" srcset=\"https:\/\/map-mh.cz\/map4\/wp-content\/uploads\/2020\/03\/ypsilonie.png 940w, https:\/\/map-mh.cz\/map4\/wp-content\/uploads\/2020\/03\/ypsilonie-358x300.png 358w, https:\/\/map-mh.cz\/map4\/wp-content\/uploads\/2020\/03\/ypsilonie-768x644.png 768w\" sizes=\"(max-width: 940px) 100vw, 940px\" \/><\/p>\n<p>&nbsp;<\/p>\n<p>&nbsp;<\/p>\n","protected":false},"excerpt":{"rendered":"<p>Po vzoru MAP\u00ed knihovni\u010dky (k&nbsp;dispozici je v&nbsp;M\u011bstsk\u00e9 knihovn\u011b MH) roz\u0161i\u0159ujeme na\u0161i nab\u00eddku o&nbsp;mo\u017enost zap\u016fj\u010dit si od n\u00e1s i&nbsp;nejr\u016fzn\u011bj\u0161\u00ed spole\u010densk\u00e9 hry, kter\u00e9 v&nbsp;sob\u011b v\u0161ak ukr\u00fdvaj\u00ed t\u00e9\u017e vzd\u011bl\u00e1vac\u00ed \u010di&nbsp;komunika\u010dn\u00ed hledisko, vedou k&nbsp;rozvoji gramotnost\u00ed apod. N\u00e1pady ke koupi konkr\u00e9tn\u00edch her p\u0159ich\u00e1zej\u00ed z&nbsp;podn\u011bt\u016f \u010dlen\u016f na\u0161ich pracovn\u00edch skupin, je\u017e se v&nbsp;r\u00e1mci projektu MAP II Mnichovohradi\u0161\u0165sko pravideln\u011b setk\u00e1vaj\u00ed: \u010dleny t\u011bchto pracovn\u00edch [&hellip;]<\/p>\n","protected":false},"author":1,"featured_media":0,"parent":0,"menu_order":0,"comment_status":"closed","ping_status":"closed","template":"","meta":[],"_links":{"self":[{"href":"https:\/\/map-mh.cz\/map4\/wp-json\/wp\/v2\/pages\/6984"}],"collection":[{"href":"https:\/\/map-mh.cz\/map4\/wp-json\/wp\/v2\/pages"}],"about":[{"href":"https:\/\/map-mh.cz\/map4\/wp-json\/wp\/v2\/types\/page"}],"author":[{"embeddable":true,"href":"https:\/\/map-mh.cz\/map4\/wp-json\/wp\/v2\/users\/1"}],"replies":[{"embeddable":true,"href":"https:\/\/map-mh.cz\/map4\/wp-json\/wp\/v2\/comments?post=6984"}],"version-history":[{"count":15,"href":"https:\/\/map-mh.cz\/map4\/wp-json\/wp\/v2\/pages\/6984\/revisions"}],"predecessor-version":[{"id":15352,"href":"https:\/\/map-mh.cz\/map4\/wp-json\/wp\/v2\/pages\/6984\/revisions\/15352"}],"wp:attachment":[{"href":"https:\/\/map-mh.cz\/map4\/wp-json\/wp\/v2\/media?parent=6984"}],"curies":[{"name":"wp","href":"https:\/\/api.w.org\/{rel}","templated":true}]}}