{"id":6721,"date":"2020-01-08T08:30:21","date_gmt":"2020-01-08T07:30:21","guid":{"rendered":"https:\/\/map-mh.cz\/map4\/?page_id=6721"},"modified":"2025-10-03T14:32:10","modified_gmt":"2025-10-03T12:32:10","slug":"mimicviceni-cviceni-rodicu-s-detmi","status":"publish","type":"page","link":"https:\/\/map-mh.cz\/map4\/volnocasove-aktivity\/mimicviceni-cviceni-rodicu-s-detmi\/","title":{"rendered":"Pohybov\u00e9 kurzy na podporu zdrav\u00e9ho v\u00fdvoje nejmen\u0161\u00edch d\u011bt\u00ed"},"content":{"rendered":"<p style=\"margin: 9.75pt 7.5pt 9.75pt 7.5pt;\"><strong><span style=\"font-size: 11.5pt; font-family: 'Arial',sans-serif;\">N\u00e1zev organizace<\/span><\/strong><span style=\"font-size: 11.5pt; font-family: 'Arial',sans-serif;\">:\u00a0Centrum pro rodinu N\u00e1ru\u010d<\/span><\/p>\n<p style=\"background-color: rgba(229,237,240,0.4); margin: 9.75pt 7.5pt 9.75pt 7.5pt;\"><strong><span style=\"font-size: 11.5pt; font-family: 'Arial',sans-serif;\">N\u00e1zev volno\u010dasov\u00e9 aktivity:<\/span><\/strong><span style=\"font-size: 11.5pt; font-family: 'Arial',sans-serif;\">\u00a0Pohybov\u00e9 kurzy na podporu zdrav\u00e9ho v\u00fdvoje nejmen\u0161\u00edch d\u011bt\u00ed<\/span><\/p>\n<p style=\"background-color: rgba(229,237,240,0.4); margin: 9.75pt 7.5pt 9.75pt 7.5pt;\"><strong><span style=\"font-size: 11.5pt; font-family: 'Arial',sans-serif;\">M\u00edsto kon\u00e1n\u00ed:\u00a0<\/span><\/strong><span style=\"font-size: 11.5pt; font-family: 'Arial',sans-serif;\">Volno\u010dasov\u00e9 centrum\u00a0Mnichovo Hradi\u0161t\u011b, Z\u00e1meck\u00e1 744<\/span><\/p>\n<p style=\"background-color: rgba(229,237,240,0.4); margin: 9.75pt 7.5pt 9.75pt 7.5pt;\"><strong><span style=\"font-size: 11.5pt; font-family: 'Arial',sans-serif;\">Dny, kdy aktivita prob\u00edh\u00e1:<\/span><\/strong><\/p>\n<p style=\"line-height: 19.7pt; background-color: rgba(229,237,240,0.4); margin: 9.75pt 7.5pt 9.75pt 7.5pt;\"><strong><span style=\"font-size: 11.5pt; font-family: 'Arial',sans-serif;\">Pond\u011bl\u00ed\u00a0<\/span><\/strong><\/p>\n<p style=\"line-height: 19.7pt; background-color: rgba(229,237,240,0.4); margin: 9.75pt 7.5pt 9.75pt 7.5pt;\"><span style=\"font-size: 11.5pt; font-family: 'Arial',sans-serif;\">10:00 MIMICVI\u010cEN\u00cd (cvi\u010den\u00ed rodi\u010d\u016f s\u00a0d\u011btmi 15 m\u011bs.\u20133 roky)<\/span><\/p>\n<p style=\"line-height: 19.7pt; background-color: rgba(229,237,240,0.4); margin: 9.75pt 7.5pt 9.75pt 7.5pt;\"><strong><span style=\"font-size: 11.5pt; font-family: 'Arial',sans-serif;\">\u00dater\u00fd<\/span><\/strong><\/p>\n<p style=\"line-height: 19.7pt; background-color: rgba(229,237,240,0.4); margin: 9.75pt 7.5pt 9.75pt 7.5pt;\"><span style=\"font-size: 11.5pt; font-family: 'Arial',sans-serif;\">9:00 MONTESSORI (krou\u017eek s\u00a0prvky montessori pro rodi\u010de s\u00a0d\u011btmi 2\u20134 roky)<\/span><\/p>\n<p style=\"line-height: 19.7pt; background-color: rgba(229,237,240,0.4); margin: 9.75pt 7.5pt 9.75pt 7.5pt;\"><strong><span style=\"font-size: 11.5pt; font-family: 'Arial',sans-serif;\">St\u0159eda<\/span><\/strong><\/p>\n<p style=\"line-height: 19.7pt; background-color: rgba(229,237,240,0.4); margin: 9.75pt 7.5pt 9.75pt 7.5pt;\"><span style=\"font-size: 11.5pt; font-family: 'Arial',sans-serif;\">9:00 MIMICVI\u010cEN\u00cd (cvi\u010den\u00ed rodi\u010d\u016f s\u00a0d\u011btmi\u00a015 m\u011bs.\u20133 let)<\/span><\/p>\n<p style=\"line-height: 19.7pt; background-color: rgba(229,237,240,0.4); margin: 9.75pt 7.5pt 9.75pt 7.5pt;\"><b><span style=\"font-size: 11.5pt; font-family: 'Arial',sans-serif;\">\u010ctvrtek<\/span><\/b><\/p>\n<p style=\"line-height: 19.7pt; background-color: rgba(229,237,240,0.4); margin: 9.75pt 7.5pt 9.75pt 7.5pt;\"><span style=\"font-size: 11.5pt; font-family: 'Arial',sans-serif;\">9:00 MIMICVI\u010cEN\u00cd (cvi\u010den\u00ed rodi\u010d\u016f s\u00a0d\u011btmi 10\u201315 m\u011bs\u00edc\u016f)<\/span><\/p>\n<p style=\"line-height: 19.7pt; background-color: rgba(229,237,240,0.4); margin: 9.75pt 7.5pt 9.75pt 7.5pt;\"><span style=\"font-size: 11.5pt; font-family: 'Arial',sans-serif;\">10:00 MIMICVI\u010cEN\u00cd\u00a0(cvi\u010den\u00ed rodi\u010d\u016f s\u00a0d\u011btmi 4\u20139 m\u011bs\u00edc\u016f)<\/span><\/p>\n<p style=\"line-height: 19.7pt; background-color: rgba(229,237,240,0.4); margin: 9.75pt 7.5pt 9.75pt 7.5pt;\"><span style=\"font-size: 11.5pt; font-family: 'Arial',sans-serif;\">16:15 TANE\u010cKY (tane\u010dn\u00ed krou\u017eek pro d\u011bti 4\u20136 let)<\/span><\/p>\n<p style=\"line-height: 19.7pt; background-color: rgba(229,237,240,0.4); margin: 9.75pt 7.5pt 9.75pt 7.5pt;\"><strong><span style=\"font-size: 11.5pt; font-family: 'Arial',sans-serif;\">P\u00e1tek<\/span><\/strong><\/p>\n<p style=\"line-height: 19.7pt; background-color: rgba(229,237,240,0.4); margin: 9.75pt 7.5pt 9.75pt 7.5pt;\"><span style=\"font-size: 11.5pt; font-family: 'Arial',sans-serif;\">9:00 ROZTAN\u010cEN\u00c9 ZP\u00cdV\u00c1NKY\u00a0 (cvi\u010den\u00ed zam\u011b\u0159en\u00e9 na rozvoj \u0159e\u010dov\u00fdch dovednost\u00ed \u2013 rodi\u010de s\u00a0d\u011btmi 1,5-4 roky)<\/span><\/p>\n<p style=\"line-height: 19.7pt; background-color: rgba(229,237,240,0.4); margin: 9.75pt 7.5pt 9.75pt 7.5pt;\"><strong><span style=\"font-size: 11.5pt; font-family: 'Arial',sans-serif;\">Cena aktivity:\u00a0Nov\u011b nem\u00e1me 3 semsestry ale pololet\u00ed, kurzy prob\u00edhaj\u00ed od z\u00e1\u0159\u00ed do konce ledna.\u00a0<\/span><\/strong><\/p>\n<p style=\"line-height: 19.7pt; background-color: rgba(229,237,240,0.4); margin: 9.75pt 7.5pt 9.75pt 7.5pt;\"><span style=\"font-size: 11.5pt; font-family: 'Arial',sans-serif;\">MIMICVI\u010cEN\u00cd, ZP\u00cdV\u00c1NKY \u2013 1500\u00a0K\u010d za pololet\u00ed<\/span><\/p>\n<p style=\"line-height: 19.7pt; background-color: rgba(229,237,240,0.4); margin: 9.75pt 7.5pt 9.75pt 7.5pt;\"><span style=\"font-size: 11.5pt; font-family: 'Arial',sans-serif;\">MONTESSORI\u2013 1700&nbsp;K\u010d za pololet\u00ed<\/span><\/p>\n<p style=\"background-color: rgba(229,237,240,0.4); margin: 9.75pt 7.5pt 9.75pt 7.5pt;\"><strong><span style=\"font-size: 11.5pt; font-family: 'Arial',sans-serif;\">Pro jak star\u00e9 d\u011bti je aktivita ur\u010dena:<\/span><\/strong><span style=\"font-size: 11.5pt; font-family: 'Arial',sans-serif;\">\u00a0Pro d\u011bti od 4 m\u011bs\u00edc\u016f do 5 let<\/span><\/p>\n<p style=\"background-color: rgba(229,237,240,0.4); margin: 0cm 7.5pt 0cm 7.5pt;\"><strong><span style=\"font-size: 11.5pt; font-family: 'Arial',sans-serif;\">P\u0159ihla\u0161ovac\u00ed syst\u00e9m<\/span><\/strong><span style=\"font-size: 11.5pt; font-family: 'Arial',sans-serif;\">:<a style=\"text-decoration-line: none;\" href=\"http:\/\/naruc.webooker.eu\/\"><span style=\"color: #388994;\">\u00a0naruc.webooker.eu<\/span><\/a><\/span><\/p>\n<p style=\"background-color: rgba(229,237,240,0.4); margin: 0cm 7.5pt 0cm 7.5pt;\"><strong><span style=\"font-size: 11.5pt; font-family: 'Arial',sans-serif;\">Webov\u00e9 str\u00e1nky organizace:<\/span><\/strong><span style=\"font-size: 11.5pt; font-family: 'Arial',sans-serif;\">\u00a0<a style=\"text-decoration-line: none;\" href=\"http:\/\/www.naruc.cz\/\"><span style=\"color: #388994;\">www.naruc.cz<\/span><\/a><\/span><\/p>\n<p style=\"background-color: rgba(229,237,240,0.4); margin: 0cm 7.5pt 0cm 7.5pt;\"><strong><span style=\"font-size: 11.5pt; font-family: 'Arial',sans-serif;\">Kontaktn\u00ed osoba:\u00a0<\/span><\/strong><span style=\"font-size: 11.5pt; font-family: 'Arial',sans-serif;\">Kontaktn\u00ed osoba: Monika Muchkov\u00e1,\u00a0<a style=\"text-decoration-line: none;\" href=\"mailto:mnichovo.hradiste@naruc.cz\"><span style=\"color: #388994;\">mnichovo.hradiste@naruc.cz<\/span><\/a>, tel: 601\u00a0392\u00a0382<\/span><\/p>\n<p style=\"line-height: 19.7pt; background-color: rgba(229,237,240,0.4); margin: 9.75pt 7.5pt 9.75pt 7.5pt;\"><span style=\"font-size: 11.5pt; font-family: 'Arial',sans-serif;\">Ka\u017ed\u00fd v\u0161edn\u00ed den od 9-12 hod je pro rodi\u010de s\u00a0d\u011btmi k\u00a0dispozici otev\u0159en\u00e1 herni\u010dka zdarma.\u00a0Centrum pro rodinu N\u00e1ru\u010d nab\u00edz\u00ed odborn\u00e9 poradenstv\u00ed zdarma, po\u0159\u00e1d\u00e1 jednor\u00e1zov\u00e9 akce, besedy s\u00a0odborn\u00edky na t\u00e9mata podporuj\u00edc\u00ed rodi\u010dovsk\u00e9 dovednosti a\u00a0kompetence a\u00a0mnoho dal\u0161\u00edho.<\/span><\/p>\n<a class=\"maxbutton-10 maxbutton maxbutton-zpet\" href=\"https:\/\/map-mh.cz\/map4\/volnocasove-aktivity\/\"><span class='mb-text'>zp\u011bt<\/span><\/a>\n","protected":false},"excerpt":{"rendered":"<p>N\u00e1zev organizace:\u00a0Centrum pro rodinu N\u00e1ru\u010d N\u00e1zev volno\u010dasov\u00e9 aktivity:\u00a0Pohybov\u00e9 kurzy na podporu zdrav\u00e9ho v\u00fdvoje nejmen\u0161\u00edch d\u011bt\u00ed M\u00edsto kon\u00e1n\u00ed:\u00a0Volno\u010dasov\u00e9 centrum\u00a0Mnichovo Hradi\u0161t\u011b, Z\u00e1meck\u00e1 744 Dny, kdy aktivita prob\u00edh\u00e1: Pond\u011bl\u00ed\u00a0 10:00 MIMICVI\u010cEN\u00cd (cvi\u010den\u00ed rodi\u010d\u016f s\u00a0d\u011btmi 15 m\u011bs.\u20133 roky) \u00dater\u00fd 9:00 MONTESSORI (krou\u017eek s\u00a0prvky montessori pro rodi\u010de s\u00a0d\u011btmi 2\u20134 roky) St\u0159eda 9:00 MIMICVI\u010cEN\u00cd (cvi\u010den\u00ed rodi\u010d\u016f s\u00a0d\u011btmi\u00a015 m\u011bs.\u20133 let) \u010ctvrtek 9:00 [&hellip;]<\/p>\n","protected":false},"author":4,"featured_media":0,"parent":6079,"menu_order":0,"comment_status":"closed","ping_status":"closed","template":"","meta":[],"_links":{"self":[{"href":"https:\/\/map-mh.cz\/map4\/wp-json\/wp\/v2\/pages\/6721"}],"collection":[{"href":"https:\/\/map-mh.cz\/map4\/wp-json\/wp\/v2\/pages"}],"about":[{"href":"https:\/\/map-mh.cz\/map4\/wp-json\/wp\/v2\/types\/page"}],"author":[{"embeddable":true,"href":"https:\/\/map-mh.cz\/map4\/wp-json\/wp\/v2\/users\/4"}],"replies":[{"embeddable":true,"href":"https:\/\/map-mh.cz\/map4\/wp-json\/wp\/v2\/comments?post=6721"}],"version-history":[{"count":11,"href":"https:\/\/map-mh.cz\/map4\/wp-json\/wp\/v2\/pages\/6721\/revisions"}],"predecessor-version":[{"id":16424,"href":"https:\/\/map-mh.cz\/map4\/wp-json\/wp\/v2\/pages\/6721\/revisions\/16424"}],"up":[{"embeddable":true,"href":"https:\/\/map-mh.cz\/map4\/wp-json\/wp\/v2\/pages\/6079"}],"wp:attachment":[{"href":"https:\/\/map-mh.cz\/map4\/wp-json\/wp\/v2\/media?parent=6721"}],"curies":[{"name":"wp","href":"https:\/\/api.w.org\/{rel}","templated":true}]}}