{"id":499,"date":"2017-01-08T17:32:12","date_gmt":"2017-01-08T16:32:12","guid":{"rendered":"https:\/\/map-mh.cz\/map4\/?page_id=499"},"modified":"2026-01-05T14:32:28","modified_gmt":"2026-01-05T13:32:28","slug":"ostatni-dokumenty","status":"publish","type":"page","link":"https:\/\/map-mh.cz\/map4\/dokumenty\/ostatni-dokumenty\/","title":{"rendered":"Ostatn\u00ed dokumenty"},"content":{"rendered":"<hr \/>\n<h1><span style=\"color: #3366ff;\">MAP IV Mnichovohradi\u0161\u0165sko<\/span><\/h1>\n<p><a href=\"https:\/\/map-mh.cz\/map4\/wp-content\/uploads\/2026\/01\/cely_dokument_mapmh_4_final_s_prilohami_podpis.pdf\">DOKUMENT_MAP MH_IV<\/a><\/p>\n<p><a href=\"https:\/\/map-mh.cz\/map4\/wp-content\/uploads\/2026\/01\/inv_priority_map_mh_20251201_podpis.pdf\">Investi\u010dn\u00ed_priority_MAP_IV MH_1.\u00a012.\u00a02025<\/a><\/p>\n<p><a href=\"https:\/\/map-mh.cz\/map4\/wp-content\/uploads\/2026\/01\/navrh_financovani_aktivit_map_mh.pdf\">N\u00e1vrh_financovan\u00ed_aktivit_MAP_MH<\/a><\/p>\n<p><a href=\"https:\/\/map-mh.cz\/map4\/wp-content\/uploads\/2026\/01\/organizacni-struktura_map_iv_mh_20251201_podpis.pdf\">Organiza\u010dn\u00ed struktura_MAP_IV_MH_1.\u00a012.\u00a02025<\/a><\/p>\n<p><a href=\"https:\/\/map-mh.cz\/map4\/wp-content\/uploads\/2026\/01\/rap_mh_2025_26_final.pdf\">Ro\u010dn\u00ed ak\u010dn\u00ed pl\u00e1n_MH_2025_26<\/a><\/p>\n<p><a href=\"https:\/\/map-mh.cz\/map4\/wp-content\/uploads\/2026\/01\/rap_mh_2026_27_final.pdf\">Ro\u010dn\u00ed ak\u010dn\u00ed pl\u00e1n_2026_27<\/a><\/p>\n<p><a href=\"https:\/\/map-mh.cz\/map4\/wp-content\/uploads\/2026\/01\/rap_mh_2027_28_final.pdf\">Ro\u010dn\u00ed ak\u010dn\u00ed pl\u00e1n_2027_28<\/a><\/p>\n<p><a href=\"https:\/\/map-mh.cz\/map4\/wp-content\/uploads\/2026\/01\/sr_map_mh_20251201_podpis.pdf\">Strategick\u00fd r\u00e1mec MAP_MH_1.\u00a012.\u00a02025<\/a><\/p>\n<hr \/>\n<ul>\n<li><a href=\"https:\/\/map-mh.cz\/map4\/wp-content\/uploads\/2023\/10\/zaznam_setkani-spp_4-10-2023.pdf\">Z\u00e1znam_setk\u00e1n\u00ed \u0160PP_4.10.2023<\/a><\/li>\n<li><a href=\"https:\/\/map-mh.cz\/map4\/wp-content\/uploads\/2023\/04\/rap_mh_2021_23_vyhodnoceni.pdf\">RAP_MH_2021_23_vyhodnoceni<\/a><\/li>\n<li><a href=\"https:\/\/map-mh.cz\/map4\/wp-content\/uploads\/2023\/01\/dokument-map-mh-ii-20220609.pdf\">DOKUMENT MAP MH II 20220609<\/a><\/li>\n<li><a href=\"https:\/\/map-mh.cz\/map4\/wp-content\/uploads\/2022\/10\/identifikace_dotcene_verejnosti_map_mh_iii.pdf\">Identifikace dot\u010den\u00e9 ve\u0159ejnosti_MAP III MH<\/a><\/li>\n<li><a href=\"https:\/\/map-mh.cz\/map4\/wp-content\/uploads\/2022\/10\/organizacni-struktura_map_mh_iii.pdf\">Organiza\u010dn\u00ed struktura_MAP_MH_III<\/a><\/li>\n<li><a href=\"https:\/\/map-mh.cz\/map4\/wp-content\/uploads\/2023\/04\/rocni-akcni-plan-mh-nove-projekty-2021-23.pdf\">Ro\u010dn\u00ed ak\u010dn\u00ed pl\u00e1n MH nov\u00e9 projekty 2021-23<\/a><\/li>\n<li>\n<hr \/>\n<\/li>\n<li><a href=\"https:\/\/map-mh.cz\/map4\/wp-content\/uploads\/2022\/04\/seznam-kontaktu-pro-rodiny-a-skoly-podpora-rovnych-prilezitosti-na-skolach-v-orp-mh.pdf\">Seznam kontakt\u016f pro rodiny a&nbsp;\u0161koly &#8211; Podpora rovn\u00fdch p\u0159\u00edle\u017eitost\u00ed na \u0161kol\u00e1ch v&nbsp;ORP MH<\/a><\/li>\n<li><a href=\"https:\/\/map-mh.cz\/map4\/wp-content\/uploads\/2020\/01\/dotacni-bulletin_01_2020.pdf\">Dota\u010dn\u00ed bulletin_01_2020<\/a><\/li>\n<li><a href=\"https:\/\/map-mh.cz\/map4\/wp-content\/uploads\/2019\/11\/knizky-pro-skolky.pdf\">Kn\u00ed\u017eky pro \u0161kolky<\/a><\/li>\n<li><a href=\"https:\/\/map-mh.cz\/map4\/wp-content\/uploads\/2019\/10\/knihovnou-doporucovany-seznam-cetby-pro-1-stupen-zs.pdf\">Knihovnou doporu\u010dovan\u00fd seznam \u010detby pro 1.&nbsp;stupe\u0148 Z\u0160<\/a><\/li>\n<li><a href=\"https:\/\/map-mh.cz\/map4\/wp-content\/uploads\/2019\/10\/knihovnou-doporucovany-seznam-cetby-pro-2-stupen-zs.pdf\">Knihovnou doporu\u010dovan\u00fd seznam \u010detby pro 2.&nbsp;stupe\u0148 Z\u0160<\/a><\/li>\n<li><a href=\"https:\/\/map-mh.cz\/map4\/wp-content\/uploads\/2019\/10\/dotacni-bulletin_10_2019.pdf\">Dotacni bulletin_10_2019<\/a><\/li>\n<li><a href=\"https:\/\/map-mh.cz\/map4\/wp-content\/uploads\/2019\/09\/vs-demograficka-studie-orp-mnichovo-hradiste.pdf\">VS Demografick\u00e1 studie ORP Mnichovo Hradi\u0161t\u011b<\/a><\/li>\n<li><a href=\"https:\/\/map-mh.cz\/map4\/wp-content\/uploads\/2019\/09\/kodex_skoly_v_tabulce_odpovedi_rovne_prilezitosti.pdf\">Kodex_skoly_v_tabulce<\/a><\/li>\n<li><a href=\"https:\/\/map-mh.cz\/map4\/wp-content\/uploads\/2019\/05\/dotacni-bulletin_05_2019_final.pdf\">Dota\u010dn\u00ed bulletin_05_2019<\/a><\/li>\n<li><a href=\"https:\/\/map-mh.cz\/map4\/wp-content\/uploads\/2019\/05\/organizacni_struktura_mapii_mh.pdf\">Organiza\u010dn\u00ed struktura MAP II MH<\/a><\/li>\n<li><a href=\"https:\/\/map-mh.cz\/map4\/wp-content\/uploads\/2019\/04\/komunikacni-plan-map-ii-mh.pdf\">Komunika\u010dn\u00ed pl\u00e1n MAP II MH<\/a><\/li>\n<li><a href=\"https:\/\/map-mh.cz\/map4\/wp-content\/uploads\/2023\/04\/rocni-akcni-plan-mh-vyhodnoceni-2020-21.pdf\">Ro\u010dn\u00ed ak\u010dn\u00ed pl\u00e1n MH vyhodnocen\u00ed 2020-21<\/a><\/li>\n<\/ul>\n","protected":false},"excerpt":{"rendered":"<p>MAP IV Mnichovohradi\u0161\u0165sko DOKUMENT_MAP MH_IV Investi\u010dn\u00ed_priority_MAP_IV MH_1.\u00a012.\u00a02025 N\u00e1vrh_financovan\u00ed_aktivit_MAP_MH Organiza\u010dn\u00ed struktura_MAP_IV_MH_1.\u00a012.\u00a02025 Ro\u010dn\u00ed ak\u010dn\u00ed pl\u00e1n_MH_2025_26 Ro\u010dn\u00ed ak\u010dn\u00ed pl\u00e1n_2026_27 Ro\u010dn\u00ed ak\u010dn\u00ed pl\u00e1n_2027_28 Strategick\u00fd r\u00e1mec MAP_MH_1.\u00a012.\u00a02025 Z\u00e1znam_setk\u00e1n\u00ed \u0160PP_4.10.2023 RAP_MH_2021_23_vyhodnoceni DOKUMENT MAP MH II 20220609 Identifikace dot\u010den\u00e9 ve\u0159ejnosti_MAP III MH Organiza\u010dn\u00ed struktura_MAP_MH_III Ro\u010dn\u00ed ak\u010dn\u00ed pl\u00e1n MH nov\u00e9 projekty 2021-23 Seznam kontakt\u016f pro rodiny a&nbsp;\u0161koly &#8211; Podpora rovn\u00fdch p\u0159\u00edle\u017eitost\u00ed na \u0161kol\u00e1ch [&hellip;]<\/p>\n","protected":false},"author":1,"featured_media":0,"parent":113,"menu_order":0,"comment_status":"closed","ping_status":"closed","template":"","meta":[],"_links":{"self":[{"href":"https:\/\/map-mh.cz\/map4\/wp-json\/wp\/v2\/pages\/499"}],"collection":[{"href":"https:\/\/map-mh.cz\/map4\/wp-json\/wp\/v2\/pages"}],"about":[{"href":"https:\/\/map-mh.cz\/map4\/wp-json\/wp\/v2\/types\/page"}],"author":[{"embeddable":true,"href":"https:\/\/map-mh.cz\/map4\/wp-json\/wp\/v2\/users\/1"}],"replies":[{"embeddable":true,"href":"https:\/\/map-mh.cz\/map4\/wp-json\/wp\/v2\/comments?post=499"}],"version-history":[{"count":34,"href":"https:\/\/map-mh.cz\/map4\/wp-json\/wp\/v2\/pages\/499\/revisions"}],"predecessor-version":[{"id":16626,"href":"https:\/\/map-mh.cz\/map4\/wp-json\/wp\/v2\/pages\/499\/revisions\/16626"}],"up":[{"embeddable":true,"href":"https:\/\/map-mh.cz\/map4\/wp-json\/wp\/v2\/pages\/113"}],"wp:attachment":[{"href":"https:\/\/map-mh.cz\/map4\/wp-json\/wp\/v2\/media?parent=499"}],"curies":[{"name":"wp","href":"https:\/\/api.w.org\/{rel}","templated":true}]}}