{"id":4890,"date":"2019-06-03T11:14:30","date_gmt":"2019-06-03T09:14:30","guid":{"rendered":"https:\/\/map-mh.cz\/map4\/?page_id=4890"},"modified":"2019-06-19T14:27:54","modified_gmt":"2019-06-19T12:27:54","slug":"pruvodce","status":"publish","type":"page","link":"https:\/\/map-mh.cz\/map4\/pruvodce\/","title":{"rendered":"Spolupr\u00e1ce akt\u00e9r\u016f v\u00a0s\u00edti slu\u017eeb pro d\u011bti a&nbsp;jejich rodiny v\u00a0obci s\u00a0roz\u0161\u00ed\u0159enou p\u016fsobnost\u00ed Mnichovo Hradi\u0161t\u011b"},"content":{"rendered":"<p>Prezentace spolupr\u00e1ce akt\u00e9r\u016f v\u00a0s\u00edti slu\u017eeb pro d\u011bti a&nbsp;jejich rodiny v\u00a0obci s\u00a0roz\u0161\u00ed\u0159enou p\u016fsobnost\u00ed Mnichovo Hradi\u0161t\u011b\u00a0je v\u00fdstupem, kter\u00fd vznikl v\u00a0r\u00e1mci projektu MPSV &#8220;Syst\u00e9mov\u00fd rozvoj a&nbsp;podpora n\u00e1stroj\u016f soci\u00e1ln\u011b-pr\u00e1vn\u00ed ochrany d\u011bt\u00ed&#8221;.<br \/>\nPrezentace se nezam\u011b\u0159uje pouze na problematiku ohro\u017een\u00fdch d\u011bt\u00ed. Sna\u017e\u00ed se zv\u00fd\u0161it informovanost akt\u00e9r\u016f, kte\u0159\u00ed se s\u00a0d\u011btmi a&nbsp;jejich rodinami p\u0159irozen\u011b setk\u00e1vaj\u00ed, o&nbsp;dostupn\u00fdch mo\u017enostech pomoci a&nbsp;podpory v\u00a0s\u00edti slu\u017eeb v\u00a0regionu, i&nbsp;za jeho hranicemi. Sou\u010d\u00e1st\u00ed prezentace je adres\u00e1\u0159 slu\u017eeb pro d\u011bti a&nbsp;slu\u017eeb pro rodi\u010de s\u00a0aktivn\u00edmi odkazy na webov\u00e9 str\u00e1nky konkr\u00e9tn\u00edch organizac\u00ed nebo odborn\u00edk\u016f nap\u0159\u00ed\u010d resorty. Sna\u017e\u00ed se tak podpo\u0159it mo\u017enosti akt\u00e9r\u016f (obc\u00ed, \u0161kol, l\u00e9ka\u0159\u016f aj.) nab\u00edzet d\u011btem a&nbsp;jejich rodin\u00e1m v\u010das vhodnou odbornou pomoc a&nbsp;sn\u00ed\u017eit tak rizika vedouc\u00ed k\u00a0ohro\u017een\u00ed d\u00edt\u011bte.<\/p>\n<p><a href=\"https:\/\/map-mh.cz\/map4\/prezentace\/pruvodce.html\" target=\"_blank\" rel=\"noopener\"><img decoding=\"async\" loading=\"lazy\" class=\"aligncenter wp-image-4907 size-full\" src=\"https:\/\/map-mh.cz\/map4\/wp-content\/uploads\/2019\/06\/pu2.jpg\" alt=\"\" width=\"885\" height=\"561\" srcset=\"https:\/\/map-mh.cz\/map4\/wp-content\/uploads\/2019\/06\/pu2.jpg 885w, https:\/\/map-mh.cz\/map4\/wp-content\/uploads\/2019\/06\/pu2-473x300.jpg 473w, https:\/\/map-mh.cz\/map4\/wp-content\/uploads\/2019\/06\/pu2-768x487.jpg 768w\" sizes=\"(max-width: 885px) 100vw, 885px\" \/><\/a><\/p>\n<p style=\"margin-top: 0; margin-bottom: 0;\" align=\"center\"><a class=\"maxbutton-8 maxbutton maxbutton-spustit-pruvodce\" target=\"_blank\" rel=\"noopener\" href=\"https:\/\/map-mh.cz\/map4\/prezentace\/pruvodce.html\"><span class='mb-text'>spustit pr\u016fvodce<\/span><\/a>\n<h3><strong>Autorka:<\/strong><\/h3>\n<div class=\"iw_mail\" dir=\"ltr\">\n<p><strong>Mgr. Michaela Lajnerov\u00e1<\/strong><br \/>\n(b\u00fdval\u00e1 lok\u00e1ln\u00ed s\u00ed\u0165a\u0159ka pro Mladou Boleslav a&nbsp;Mnichovo Hradi\u0161t\u011b)<br \/>\ntelefon: +420\u00a0603\u00a0538\u00a0098<\/p>\n<p>S ohledem na ukon\u010den\u00ed projektu MPSV &#8220;Syst\u00e9mov\u00fd rozvoj a&nbsp;podpora n\u00e1stroj\u016f soci\u00e1ln\u011b-pr\u00e1vn\u00ed ochrany d\u011bt\u00ed&#8221; k&nbsp;datu 30.&nbsp;6.&nbsp;2019 lze p\u0159ipom\u00ednky a&nbsp;podn\u011bty k&nbsp;prezentaci sm\u011brovat na MAP II Mnichovohradi\u0161\u0165sko na mailovou adresu <a href=\"mailto:marketa.tomasova@mnhradiste.cz\">marketa.tomasova@mnhradiste.cz<\/a> (Mark\u00e9ta Tom\u00e1\u0161ov\u00e1).<\/p>\n<\/div>\n","protected":false},"excerpt":{"rendered":"<p>Prezentace spolupr\u00e1ce akt\u00e9r\u016f v\u00a0s\u00edti slu\u017eeb pro d\u011bti a&nbsp;jejich rodiny v\u00a0obci s\u00a0roz\u0161\u00ed\u0159enou p\u016fsobnost\u00ed Mnichovo Hradi\u0161t\u011b\u00a0je v\u00fdstupem, kter\u00fd vznikl v\u00a0r\u00e1mci projektu MPSV &#8220;Syst\u00e9mov\u00fd rozvoj a&nbsp;podpora n\u00e1stroj\u016f soci\u00e1ln\u011b-pr\u00e1vn\u00ed ochrany d\u011bt\u00ed&#8221;. Prezentace se nezam\u011b\u0159uje pouze na problematiku ohro\u017een\u00fdch d\u011bt\u00ed. Sna\u017e\u00ed se zv\u00fd\u0161it informovanost akt\u00e9r\u016f, kte\u0159\u00ed se s\u00a0d\u011btmi a&nbsp;jejich rodinami p\u0159irozen\u011b setk\u00e1vaj\u00ed, o&nbsp;dostupn\u00fdch mo\u017enostech pomoci a&nbsp;podpory v\u00a0s\u00edti slu\u017eeb v\u00a0regionu, i&nbsp;za [&hellip;]<\/p>\n","protected":false},"author":1,"featured_media":0,"parent":0,"menu_order":0,"comment_status":"closed","ping_status":"closed","template":"","meta":[],"_links":{"self":[{"href":"https:\/\/map-mh.cz\/map4\/wp-json\/wp\/v2\/pages\/4890"}],"collection":[{"href":"https:\/\/map-mh.cz\/map4\/wp-json\/wp\/v2\/pages"}],"about":[{"href":"https:\/\/map-mh.cz\/map4\/wp-json\/wp\/v2\/types\/page"}],"author":[{"embeddable":true,"href":"https:\/\/map-mh.cz\/map4\/wp-json\/wp\/v2\/users\/1"}],"replies":[{"embeddable":true,"href":"https:\/\/map-mh.cz\/map4\/wp-json\/wp\/v2\/comments?post=4890"}],"version-history":[{"count":18,"href":"https:\/\/map-mh.cz\/map4\/wp-json\/wp\/v2\/pages\/4890\/revisions"}],"predecessor-version":[{"id":5182,"href":"https:\/\/map-mh.cz\/map4\/wp-json\/wp\/v2\/pages\/4890\/revisions\/5182"}],"wp:attachment":[{"href":"https:\/\/map-mh.cz\/map4\/wp-json\/wp\/v2\/media?parent=4890"}],"curies":[{"name":"wp","href":"https:\/\/api.w.org\/{rel}","templated":true}]}}