{"id":10525,"date":"2021-08-13T00:53:40","date_gmt":"2021-08-12T22:53:40","guid":{"rendered":"https:\/\/map-mh.cz\/map4\/?page_id=10525"},"modified":"2024-11-22T12:03:33","modified_gmt":"2024-11-22T11:03:33","slug":"vyukove-krabice-pro-ucitele","status":"publish","type":"page","link":"https:\/\/map-mh.cz\/map4\/vyukove-krabice-pro-ucitele\/","title":{"rendered":"V\u00fdukov\u00e9 krabice pro u\u010ditele"},"content":{"rendered":"<p><img decoding=\"async\" loading=\"lazy\" class=\"wp-image-10616 aligncenter\" src=\"https:\/\/map-mh.cz\/map4\/wp-content\/uploads\/2021\/08\/dsc02610.jpg\" alt=\"\" width=\"797\" height=\"531\" srcset=\"https:\/\/map-mh.cz\/map4\/wp-content\/uploads\/2021\/08\/dsc02610.jpg 1200w, https:\/\/map-mh.cz\/map4\/wp-content\/uploads\/2021\/08\/dsc02610-450x300.jpg 450w, https:\/\/map-mh.cz\/map4\/wp-content\/uploads\/2021\/08\/dsc02610-768x512.jpg 768w\" sizes=\"(max-width: 797px) 100vw, 797px\" \/><\/p>\n<p>Na jednom ze setk\u00e1n\u00ed pracovn\u00ed skupiny pro \u010dten\u00e1\u0159skou gramotnost, kter\u00e1 se v\u00a0r\u00e1mci projektu sch\u00e1z\u00ed 4x ro\u010dn\u011b a&nbsp;jej\u00edmi\u017e \u010dlenkami jsou prvostup\u0148ov\u00e9 pedago\u017eky, jedna pan\u00ed u\u010ditelka z\u00a0mate\u0159sk\u00e9 \u0161koly \u010di&nbsp;vedouc\u00ed mnichovohradi\u0161\u0165sk\u00e9 knihovny, vznikl n\u00e1pad na vytvo\u0159en\u00ed <strong>v\u00fdukov\u00fdch krabic pro u\u010ditele<\/strong>, je\u017e by byly zam\u011b\u0159en\u00e9 na konkr\u00e9tn\u00ed v\u00fdukov\u00e9 t\u00e9ma a&nbsp;obsahovaly materi\u00e1ly vztahuj\u00edc\u00ed se k\u00a0tomuto t\u00e9matu v\u00a0podob\u011b knih, her, CD \u010di&nbsp;pracovn\u00edch list\u016f. \u010clenky pracovn\u00ed skupiny p\u0159isp\u011bly sv\u00fdmi tipy na jednotliv\u00e9 materi\u00e1ly a&nbsp;na realiza\u010dn\u00edm t\u00fdmu ji\u017e bylo jen dan\u00e9 v\u011bci po\u0159\u00eddit. Nyn\u00ed je v\u0161e zkompletov\u00e1no a&nbsp;p\u0159ipraveno pro z\u00e1jemce z\u00a0\u0159ad u\u010ditel\u016f mate\u0159sk\u00fdch \u0161kol \u010di&nbsp;prvn\u00edho stupn\u011b z\u00e1kladn\u00edch \u0161kol.<\/p>\n<p>C\u00edlem v\u00fdukov\u00fdch krabic (p\u016fvodn\u011b se m\u011blo jednat pouze o&nbsp;kuf\u0159\u00edky, ale po\u010det materi\u00e1l\u016f se neb\u00fdvale rozrostl, \u017ee bylo t\u0159eba p\u0159ehodnotit p\u016fvodn\u00ed rozhodnut\u00ed a&nbsp;po\u0159\u00eddit v\u011bt\u0161\u00ed \u201eobalov\u00fd p\u0159edm\u011bt\u201c) je p\u0159isp\u011bt k\u00a0rozvoji \u010dten\u00e1\u0159sk\u00e9 gramotnosti, zatraktivnit v\u00fduku dan\u00e9ho t\u00e9matu, poskytnout jim ucelenou pom\u016fcku na konkr\u00e9tn\u00ed u\u010debn\u00ed blok a&nbsp;vlastn\u011b jim t\u00edm uleh\u010dit p\u0159\u00edpravu do hodin. Vznikl tak materi\u00e1l, kter\u00fd bude pro u\u010ditele k\u00a0dispozici i&nbsp;po&nbsp;ukon\u010den\u00ed projektu MAP II Mnichovohradi\u0161\u0165sko.<\/p>\n<p>Jak\u00e1 jsou tedy t\u00e9mata jednotliv\u00fdch v\u00fdukov\u00fdch krabic? \u010cty\u0159i z\u00a0nich jsou prim\u00e1rn\u011b ur\u010den\u00e9 pro pedagogy mate\u0159sk\u00fdch \u0161kol, kte\u0159\u00ed v\u00a0nich naleznou zaj\u00edmav\u00e9 materi\u00e1ly pro logopedii a&nbsp;pro t\u00e9mata Povol\u00e1n\u00ed, \u010cerven\u00e1 karkulka a&nbsp;Pern\u00edkov\u00e1 chaloupka. Prvostup\u0148ov\u00ed u\u010ditele budou m\u00edt zat\u00edm k\u00a0dispozici krabici s\u00a0materi\u00e1ly pro v\u00fduku vyjmenovan\u00fdch slov, nicm\u00e9n\u011b pl\u00e1nujeme je\u0161t\u011b p\u0159ipravit krabici matematickou (bude obsahovat zaj\u00edmav\u00e9 materi\u00e1ly k\u00a0n\u00e1sobilce) \u010di&nbsp;krabici pro v\u00fduku prvouky, konkr\u00e9tn\u011b lidsk\u00e9ho t\u011bla.<\/p>\n<p>V\u00edce podrobnost\u00ed zejm\u00e9na o&nbsp;obsahu jednotliv\u00fdch v\u00fdukov\u00fdch krabic i&nbsp;s\u00a0fotografiemi naleznete n\u00ed\u017ee. Vyp\u016fj\u010dit si je m\u016f\u017eete v\u00a0kancel\u00e1\u0159i projektu ve Volno\u010dasov\u00e9m centru MH, Z\u00e1meck\u00e1 744, Mnichovo Hradi\u0161t\u011b, na z\u00e1klad\u011b p\u0159edchoz\u00ed domluvy s\u00a0Mark\u00e9tou Tom\u00e1\u0161ovou (<a href=\"mailto:marketa.tomasova@mnhradiste.cz\">marketa.tomasova@mnhradiste.cz<\/a>, 732\u00a0680\u00a0514). P\u0159\u00edpadn\u011b v\u00e1m krabici (po&nbsp;p\u0159edchoz\u00ed domluv\u011b) dovezeme. V\u011b\u0159\u00edme, \u017ee si na\u0161e v\u00fdukov\u00e9 krabice naleznou svou cestu do jednotliv\u00fdch \u0161kol v\u00a0r\u00e1mci Mnichovohradi\u0161\u0165ska a&nbsp;zpest\u0159\u00ed tak v\u00fduku o&nbsp;nov\u00e9 zaj\u00edmav\u00e9 materi\u00e1ly.<\/p>\n<hr \/>\n<p><img decoding=\"async\" loading=\"lazy\" class=\"alignnone wp-image-10625\" src=\"https:\/\/map-mh.cz\/map4\/wp-content\/uploads\/2021\/08\/logopedie_fotoseznam.png\" alt=\"\" width=\"643\" height=\"909\" srcset=\"https:\/\/map-mh.cz\/map4\/wp-content\/uploads\/2021\/08\/logopedie_fotoseznam.png 707w, https:\/\/map-mh.cz\/map4\/wp-content\/uploads\/2021\/08\/logopedie_fotoseznam-212x300.png 212w\" sizes=\"(max-width: 643px) 100vw, 643px\" \/>\u00a0\u00a0\u00a0\u00a0\u00a0\u00a0\u00a0\u00a0\u00a0\u00a0\u00a0\u00a0\u00a0\u00a0\u00a0\u00a0\u00a0\u00a0\u00a0\u00a0\u00a0\u00a0\u00a0\u00a0\u00a0\u00a0 <img decoding=\"async\" loading=\"lazy\" class=\"alignnone wp-image-10630\" src=\"https:\/\/map-mh.cz\/map4\/wp-content\/uploads\/2021\/08\/logopedie_seznam.png\" alt=\"\" width=\"643\" height=\"910\" srcset=\"https:\/\/map-mh.cz\/map4\/wp-content\/uploads\/2021\/08\/logopedie_seznam.png 707w, https:\/\/map-mh.cz\/map4\/wp-content\/uploads\/2021\/08\/logopedie_seznam-212x300.png 212w\" sizes=\"(max-width: 643px) 100vw, 643px\" \/><\/p>\n<hr \/>\n<p><img decoding=\"async\" loading=\"lazy\" class=\"alignnone wp-image-10628\" src=\"https:\/\/map-mh.cz\/map4\/wp-content\/uploads\/2021\/08\/vyjmenovana-slova_fotoseznam.png\" alt=\"\" width=\"647\" height=\"915\" srcset=\"https:\/\/map-mh.cz\/map4\/wp-content\/uploads\/2021\/08\/vyjmenovana-slova_fotoseznam.png 707w, https:\/\/map-mh.cz\/map4\/wp-content\/uploads\/2021\/08\/vyjmenovana-slova_fotoseznam-212x300.png 212w\" sizes=\"(max-width: 647px) 100vw, 647px\" \/>\u00a0\u00a0\u00a0\u00a0 <img decoding=\"async\" loading=\"lazy\" class=\"alignnone wp-image-10631\" src=\"https:\/\/map-mh.cz\/map4\/wp-content\/uploads\/2021\/08\/vyjmenovana-slova_seznam.png\" alt=\"\" width=\"645\" height=\"912\" srcset=\"https:\/\/map-mh.cz\/map4\/wp-content\/uploads\/2021\/08\/vyjmenovana-slova_seznam.png 707w, https:\/\/map-mh.cz\/map4\/wp-content\/uploads\/2021\/08\/vyjmenovana-slova_seznam-212x300.png 212w\" sizes=\"(max-width: 645px) 100vw, 645px\" \/><\/p>\n<hr \/>\n<p><img decoding=\"async\" loading=\"lazy\" class=\"alignnone wp-image-10626\" src=\"https:\/\/map-mh.cz\/map4\/wp-content\/uploads\/2021\/08\/pernikova_chaloupka_fotoseznam.png\" alt=\"\" width=\"638\" height=\"902\" srcset=\"https:\/\/map-mh.cz\/map4\/wp-content\/uploads\/2021\/08\/pernikova_chaloupka_fotoseznam.png 707w, https:\/\/map-mh.cz\/map4\/wp-content\/uploads\/2021\/08\/pernikova_chaloupka_fotoseznam-212x300.png 212w\" sizes=\"(max-width: 638px) 100vw, 638px\" \/><\/p>\n<hr \/>\n<p><img decoding=\"async\" loading=\"lazy\" class=\"alignnone wp-image-10629\" src=\"https:\/\/map-mh.cz\/map4\/wp-content\/uploads\/2021\/08\/cervena_karkulka_fotoseznam.png\" alt=\"\" width=\"636\" height=\"900\" srcset=\"https:\/\/map-mh.cz\/map4\/wp-content\/uploads\/2021\/08\/cervena_karkulka_fotoseznam.png 707w, https:\/\/map-mh.cz\/map4\/wp-content\/uploads\/2021\/08\/cervena_karkulka_fotoseznam-212x300.png 212w\" sizes=\"(max-width: 636px) 100vw, 636px\" \/><\/p>\n<hr \/>\n<p><img decoding=\"async\" loading=\"lazy\" class=\"alignnone wp-image-10627\" src=\"https:\/\/map-mh.cz\/map4\/wp-content\/uploads\/2021\/08\/povolani_fotoseznam.png\" alt=\"\" width=\"641\" height=\"907\" srcset=\"https:\/\/map-mh.cz\/map4\/wp-content\/uploads\/2021\/08\/povolani_fotoseznam.png 707w, https:\/\/map-mh.cz\/map4\/wp-content\/uploads\/2021\/08\/povolani_fotoseznam-212x300.png 212w\" sizes=\"(max-width: 641px) 100vw, 641px\" \/><\/p>\n<hr \/>\n<p>&nbsp;<\/p>\n","protected":false},"excerpt":{"rendered":"<p>Na jednom ze setk\u00e1n\u00ed pracovn\u00ed skupiny pro \u010dten\u00e1\u0159skou gramotnost, kter\u00e1 se v\u00a0r\u00e1mci projektu sch\u00e1z\u00ed 4x ro\u010dn\u011b a&nbsp;jej\u00edmi\u017e \u010dlenkami jsou prvostup\u0148ov\u00e9 pedago\u017eky, jedna pan\u00ed u\u010ditelka z\u00a0mate\u0159sk\u00e9 \u0161koly \u010di&nbsp;vedouc\u00ed mnichovohradi\u0161\u0165sk\u00e9 knihovny, vznikl n\u00e1pad na vytvo\u0159en\u00ed v\u00fdukov\u00fdch krabic pro u\u010ditele, je\u017e by byly zam\u011b\u0159en\u00e9 na konkr\u00e9tn\u00ed v\u00fdukov\u00e9 t\u00e9ma a&nbsp;obsahovaly materi\u00e1ly vztahuj\u00edc\u00ed se k\u00a0tomuto t\u00e9matu v\u00a0podob\u011b knih, her, CD [&hellip;]<\/p>\n","protected":false},"author":1,"featured_media":0,"parent":0,"menu_order":0,"comment_status":"closed","ping_status":"closed","template":"","meta":[],"_links":{"self":[{"href":"https:\/\/map-mh.cz\/map4\/wp-json\/wp\/v2\/pages\/10525"}],"collection":[{"href":"https:\/\/map-mh.cz\/map4\/wp-json\/wp\/v2\/pages"}],"about":[{"href":"https:\/\/map-mh.cz\/map4\/wp-json\/wp\/v2\/types\/page"}],"author":[{"embeddable":true,"href":"https:\/\/map-mh.cz\/map4\/wp-json\/wp\/v2\/users\/1"}],"replies":[{"embeddable":true,"href":"https:\/\/map-mh.cz\/map4\/wp-json\/wp\/v2\/comments?post=10525"}],"version-history":[{"count":8,"href":"https:\/\/map-mh.cz\/map4\/wp-json\/wp\/v2\/pages\/10525\/revisions"}],"predecessor-version":[{"id":15652,"href":"https:\/\/map-mh.cz\/map4\/wp-json\/wp\/v2\/pages\/10525\/revisions\/15652"}],"wp:attachment":[{"href":"https:\/\/map-mh.cz\/map4\/wp-json\/wp\/v2\/media?parent=10525"}],"curies":[{"name":"wp","href":"https:\/\/api.w.org\/{rel}","templated":true}]}}