{"id":10163,"date":"2021-05-19T12:22:59","date_gmt":"2021-05-19T10:22:59","guid":{"rendered":"https:\/\/map-mh.cz\/map4\/?page_id=10163"},"modified":"2024-08-09T10:41:46","modified_gmt":"2024-08-09T08:41:46","slug":"divadelni-krouzek","status":"publish","type":"page","link":"https:\/\/map-mh.cz\/map4\/volnocasove-aktivity\/divadelni-krouzek\/","title":{"rendered":"Divadeln\u00ed krou\u017eek D\u011bti P\u00f3dia"},"content":{"rendered":"<p><strong>N\u00e1zev organizace<\/strong>: <span data-sheets-value=\"{&quot;1&quot;:2,&quot;2&quot;:&quot; Klub MH&quot;}\" data-sheets-userformat=\"{&quot;2&quot;:513,&quot;3&quot;:{&quot;1&quot;:0},&quot;12&quot;:0}\">Klub MH<\/span><\/p>\n<p><strong>N\u00e1zev volno\u010dasov\u00e9 aktivity:<\/strong> <span data-sheets-value=\"{&quot;1&quot;:2,&quot;2&quot;:&quot;Divadeln\u00ed krou\u017eek &quot;}\" data-sheets-userformat=\"{&quot;2&quot;:513,&quot;3&quot;:{&quot;1&quot;:0},&quot;12&quot;:0}\">Divadeln\u00ed krou\u017eek D\u011bti P\u00f3dia<\/span><\/p>\n<p><strong>M\u00edsto kon\u00e1n\u00ed:<\/strong> <span data-sheets-value=\"{&quot;1&quot;:2,&quot;2&quot;:&quot;Prostor m\u011bstsk\u00e9ho divadla&quot;}\" data-sheets-userformat=\"{&quot;2&quot;:513,&quot;3&quot;:{&quot;1&quot;:0},&quot;12&quot;:0}\">Prostor m\u011bstsk\u00e9ho divadla<\/span><\/p>\n<p><strong>Dny, kdy aktivita prob\u00edh\u00e1:<\/strong> <span data-sheets-value=\"{&quot;1&quot;:2,&quot;2&quot;:&quot;p\u0159ev\u00e1\u017en\u011b v p\u00e1tek 13:45 - 15:00 a 16:30 - 18:00&quot;}\" data-sheets-userformat=\"{&quot;2&quot;:513,&quot;3&quot;:{&quot;1&quot;:0},&quot;12&quot;:0}\">p\u0159ev\u00e1\u017en\u011b v&nbsp;p\u00e1tek 13:45\u201315:30 a&nbsp;16:30\u201318:00<\/span><\/p>\n<p><strong>Cena aktivity:<\/strong> 900&nbsp;K\u010d na p\u016fl roku (p\u0159ihl\u00e1\u0161ky a&nbsp;platby v&nbsp;Klubu MH)<\/p>\n<p><strong>Pro jak star\u00e9 d\u011bti je aktivita ur\u010dena:<\/strong> od 1<span data-sheets-value=\"{&quot;1&quot;:2,&quot;2&quot;:&quot;3. t\u0159\u00edda - neur\u010dito &quot;}\" data-sheets-userformat=\"{&quot;2&quot;:513,&quot;3&quot;:{&quot;1&quot;:0},&quot;12&quot;:0}\">. t\u0159\u00eddy a\u017e po&nbsp;dosp\u011bl\u00e9<br \/>\n<\/span><\/p>\n<p><strong>Webov\u00e9 str\u00e1nky organizace:<\/strong> <a class=\"waffle-rich-text-link\" href=\"https:\/\/www.klubmh.cz\/\">www.klubmh.cz<\/a><\/p>\n<p><strong>Kontaktn\u00ed osoba: <\/strong><span data-sheets-value=\"{&quot;1&quot;:2,&quot;2&quot;:&quot;Matulov\u00e1 Stanislava&quot;}\" data-sheets-userformat=\"{&quot;2&quot;:513,&quot;3&quot;:{&quot;1&quot;:0},&quot;12&quot;:0}\">Matulov\u00e1 Stanislava<\/span><strong>,<\/strong> tel: <span data-sheets-value=\"{&quot;1&quot;:2,&quot;2&quot;:&quot;matulovastanislava@seznam.cz \/ 773963456&quot;}\" data-sheets-userformat=\"{&quot;2&quot;:513,&quot;3&quot;:{&quot;1&quot;:0},&quot;12&quot;:0}\">773&nbsp;963&nbsp;456<\/span>, <span data-sheets-value=\"{&quot;1&quot;:2,&quot;2&quot;:&quot;matulovastanislava@seznam.cz \/ 773963456&quot;}\" data-sheets-userformat=\"{&quot;2&quot;:513,&quot;3&quot;:{&quot;1&quot;:0},&quot;12&quot;:0}\">matulovastanislava@seznam.cz <\/span><\/p>\n<a class=\"maxbutton-10 maxbutton maxbutton-zpet\" href=\"https:\/\/map-mh.cz\/map4\/volnocasove-aktivity\/\"><span class='mb-text'>zp\u011bt<\/span><\/a>\n","protected":false},"excerpt":{"rendered":"<p>N\u00e1zev organizace: Klub MH N\u00e1zev volno\u010dasov\u00e9 aktivity: Divadeln\u00ed krou\u017eek D\u011bti P\u00f3dia M\u00edsto kon\u00e1n\u00ed: Prostor m\u011bstsk\u00e9ho divadla Dny, kdy aktivita prob\u00edh\u00e1: p\u0159ev\u00e1\u017en\u011b v&nbsp;p\u00e1tek 13:45\u201315:30 a&nbsp;16:30\u201318:00 Cena aktivity: 900&nbsp;K\u010d na p\u016fl roku (p\u0159ihl\u00e1\u0161ky a&nbsp;platby v&nbsp;Klubu MH) Pro jak star\u00e9 d\u011bti je aktivita ur\u010dena: od 1.&nbsp;t\u0159\u00eddy a\u017e po&nbsp;dosp\u011bl\u00e9 Webov\u00e9 str\u00e1nky organizace: www.klubmh.cz Kontaktn\u00ed osoba: Matulov\u00e1 Stanislava, tel: [&hellip;]<\/p>\n","protected":false},"author":4,"featured_media":0,"parent":6079,"menu_order":0,"comment_status":"closed","ping_status":"closed","template":"","meta":[],"_links":{"self":[{"href":"https:\/\/map-mh.cz\/map4\/wp-json\/wp\/v2\/pages\/10163"}],"collection":[{"href":"https:\/\/map-mh.cz\/map4\/wp-json\/wp\/v2\/pages"}],"about":[{"href":"https:\/\/map-mh.cz\/map4\/wp-json\/wp\/v2\/types\/page"}],"author":[{"embeddable":true,"href":"https:\/\/map-mh.cz\/map4\/wp-json\/wp\/v2\/users\/4"}],"replies":[{"embeddable":true,"href":"https:\/\/map-mh.cz\/map4\/wp-json\/wp\/v2\/comments?post=10163"}],"version-history":[{"count":4,"href":"https:\/\/map-mh.cz\/map4\/wp-json\/wp\/v2\/pages\/10163\/revisions"}],"predecessor-version":[{"id":15363,"href":"https:\/\/map-mh.cz\/map4\/wp-json\/wp\/v2\/pages\/10163\/revisions\/15363"}],"up":[{"embeddable":true,"href":"https:\/\/map-mh.cz\/map4\/wp-json\/wp\/v2\/pages\/6079"}],"wp:attachment":[{"href":"https:\/\/map-mh.cz\/map4\/wp-json\/wp\/v2\/media?parent=10163"}],"curies":[{"name":"wp","href":"https:\/\/api.w.org\/{rel}","templated":true}]}}